- 6)?
4
What is the value of -9 + 6 - (0 + 0)?
-3
Calculate (0 + 3 - 3 - -3) + -4.
-1
What is -2 - -1 - 0 - (-5 - -6)?
-2
10 - (-11 - -9) - 7
5
What is the value of 2 + -2 + 4 + -1?
3
What is the value of (2 + (1 - -1) - 1) + -5?
-2
Evaluate 12 - (4 + -7 + 4 + 4).
7
What is -7 - (7 - 10 - -2)?
-6
-3 - (9 + -18 - (1 + 0))
7
15 - (6 + 11 + -5)
3
What is 0 - (-3 + -1 + 0 + 1)?
3
What is the value of (-5 - -6) + -5 + 1?
-3
What is -5 + (-5 + 11 - 12) + 9?
-2
What is the value of (5 - -1) + -2 + (-5 - -5)?
4
-6 + (7 - (7 + -3 - 6))
3
3 - 5 - (-8 - -2)
4
-65 + 58 - (-3 - -2 - 7)
1
Evaluate -18 + 6 + 4 + 13.
5
Evaluate -2 - (5 - 1) - -3.
-3
Calculate -2 + (9 - -1) + -3.
5
(2 - (-1 + 3 - 2)) + -1
1
Calculate 3 + -3 + -6 + 6.
0
-2 - (-5 + 2 + 2 - -1)
-2
Calculate ((3 - -1) + -5 - 3) + 4.
0
What is -16 + (13 - 9) + 5?
-7
Calculate -4 + (6 - 4) + 4 + 3.
5
What is 4 + (-13 - (-1 + -4)) - 2?
-6
-1 - (5 - 6) - (-4 + -1)
5
0 + 2 + 0 + (-7 - -8)
3
What is (-1 + -3 - (5 - 16)) + -2?
5
6 + -1 - (6 - (-2 - -4))
1
Evaluate (-1 - -11) + (-113 - -112).
9
Calculate 2 + 2 + 2 + -2.
4
What is -11 - (-3 + 3 - 7)?
-4
What is 3 + (-1 - 6) + (-1 - -3)?
-2
Evaluate (2 + -8 - -7) + -7.
-6
Calculate -7 + -3 + 4 - -1.
-5
Calculate (-1 - 2) + (-9 - -3) + 8.
-1
Evaluate 1 + 11 - (125 - 114).
1
Calculate (5 - (-6 - 0) - 2) + -2.
7
-3 + (3 + -3 - 2) - -3
-2
Evaluate 0 + 2 + 4 + -7.
-1
(-7 - -18) + -9 - 0
2
Calculate 2 + 2 + -6 - 8.
-10
Calculate -8 + (0 - -11) - (0 + -1).
4
What is the value of 2 - (-7 + 3 - -8)?
-2
What is the value of -7 - (10 - 6 - 12)?
1
Calculate 0 + 9 - (0 - -14).
-5
-10 - (0 + 2 + 11 + -17)
-6
9 + -1 - (0 + 11 + -9)
6
13 + -3 - (34 + -26)
2
What is the value of -3 - (-2 + (-3 - -3 - -2))?
-3
What is the value of 0 + -1 - (-29 - -28)?
0
8 + (-19 - -9) + 1
-1
-4 - (3 - (6 - 2))
-3
What is the value of 2 - (3 + (7 - 12))?
4
What is the value of (-1 - (-3 + 0)) + (0 - 3)?
-1
Calculate -7 - (-7 + -6 + 13).
-7
What is the value of (-3 - 4) + 5 - (0 - -5)?
-7
Calculate 0 - ((-2 - -1) + -2 - -3).
0
What is 0 - 2 - (-1 + 1) - 2?
-4
What is 8 - (-5 + 0 + 3) - 4?
6
Evaluate -7 + 2 - (0 + -2).
-3
Evaluate (-1 - 3) + (-2 - -7).
1
Evaluate 10 + (2 - 6 - -1 - 1).
6
-14 + 14 - (0 - 2)
2
Calculate -1 - ((-1 - -4) + -7) - 4.
-1
What is the value of -1 + 0 + 10 + -5?
4
Evaluate 39 + -35 + (-6 - -2).
0
0 + 3 - (-10 + 18)
-5
What is the value of (-12 - -7) + 1 + 6?
2
Evaluate 1 - 0 - (-7 + 5 + 8).
-5
What is the value of 10 + (-4 - (5 + (1 - 5)))?
5
Evaluate -3 - (-4 + -5 - -5 - -2).
-1
Evaluate -3 + 4 - (-2 - -2 - -3).
-2
What is -6 - -2 - -6 - 2 - -1?
1
Evaluate -3 - -5 - 0 - -1.
3
Calculate 0 + -3 + 1 + 2.
0
What is -1 - (-2 + -1 + 5)?
-3
Evaluate (5 - 0) + -3 + 1 + -1.
2
8 + -29 + 11 - -6
-4
What is 3 + 1 + 3 - 7?
0
What is the value of 4 + (0 + 0 - 3)?
1
4 - -2 - 3 - (0 + -1)
4
What is the value of 4 - (-1 + -1 - (-17 + 7))?
-4
Calculate 0 + -5 - (-8 - (-5 - 8)).
-10
What is the value of -3 + -1 - (45 - 42)?
-7
-3 + 0 - 1 - (-93 + 97)
-8
What is the value of -10 + 12 + -5 + 6?
3
Evaluate 45 + -51 - (-2 + 4 - 4).
-4
Calculate (3 - 6) + (1 - 0).
-2
What is the value of -11 - (-14 + 5 + 0)?
-2
Evaluate 0 + (1 - -4 - 10).
-5
Evaluate 1 + 1 + (3 - 5).
0
Calculate 0 + 3 - (-2 - -3 - 1).
3
6 - (5 + -11 + 0 + 8)
4
0 + 0 + 0 + (1 - 4)
-3
What is -6 - (0 + -9 - (12 + -13))?
2
152 + -141 - (2 + -3 + 6)
6
What is the value of 7 - (6 + -4 + (-1 - -4))?
2
What is -17 - -11 - -6 - (1 + -5)?
4
What is -11 - (-9 - (0 + (-6 - -3)))?
-5
Calculate (-1 - 11) + 1 - -8.
-3
What is -1 - (3 - -1) - -6?
1
-1 + (2 + -1 - 1)
-1
What is -2 - (-5 + 2 - 1 - -1)?
1
Evaluate (-11 - -7) + (1 - 2 - -11).
6
What is -4 - (-5 - (-8 - -2))?
-5
What is 6 + 2 + 19 + -24?
3
Evaluate -32 - -34 - (5 - -1) - -10.
6
What is -3 - (-7 - (-4 + 2))?
2
0 - -10 - (1 + 1) - 4
4
0 + 9 + -8 + 4
5
Evaluate -1 - (-1 + -1) - (6 + -5).
0
What is the value of -4 + (2 - -2) + 3?
3
What is the value of -2 - (1 + -1 + -6 + -1)?
5
Evaluate 0 + 6 + 2 + 9 + -6.
11
Calculate 3 + -5 - (-11 - -5).
4
Calculate -2 + -1 + 3 + 4.
4
Calculate 2 + (-12 - (5 - 14)).
-1
Calculate (0 - (1 + 2 - 5)) + 1.
3
Calculate (81 - 81) + (-11 - -1).
-10
Evaluate -7 + (5 - -3 - 3).
-2
What is the value of 1 + 5 + (5 - 3) + -1?
7
What is 0 - (-2 - (-6 - -3))?
-1
What is the value of (-4 + 0 - -5 - -1) + -4?
-2
What is (-11 - (3 + -7)) + 6?
-1
-7 - (-3 - 0) - -2
-2
Evaluate 5 + (-10 - 1 - -7).
1
What is the value of (2 - -3 - (-1 - -4)) + 3?
5
What is the value of (-18 - -14) + (2 - -1)?
-1
(-5 - (-7 + -5)) + -3
4
What is (28 - 12) + -7 + -17?
-8
2 - 6 - -4 - (-3 + -1)
4
What is the value of (0 + 0 - 0) + 3?
3
2 + -5 - (3 - 9)
3
(8 - -1) + (-4 - (-7 - -8))
4
What is (-11 - 1) + 6 + 3?
-3
Evaluate -2 + (-10 - -10 - 1).
-3
What is the value of 1 - (-11 + 13 - 12)?
11
Evaluate -6 + 2 + (6 - 13) + 7.
-4
Evaluate (74 - 85) + 0 + 15.
4
(-22 - -13) + -1 + 6
-4
Evaluate (-1 - -3) + (1 - 4) + -4.
-5
What is 13 + (8 - 10) + -20?
-9
What is -6 + 3 + 3 - 5?
-5
Evaluate 2 - (-4 + -5 - -7).
4
Evaluate 5 + -8 + 2 + (-2 - 2).
-5
What is the value of (0 - (2 - 3)) + -4?
-3
-15 + 8 - (-3 + 0)
-4
3 - 7 - (-4 + 2)
-2
(-3 - -6) + -3 - (-1 + 9)
-8
Evaluate 2 + -4 - (2 - 1).
-3
What is the value of -1 + 0 + 0 - (1 - -3)?
-5
What is (-4 - -4) + (-13 - -14)?
1
What is (6 - (-4 - -8)) + 0?
2
What is the value of 6 - (9 - 3 - 1)?
1
Calculate 3 + 0 - (9 + -4).
-2
What is (1 - (-3 - -3)) + 3?
4
What is the value of -7 - -2 - -7 - (-13 - -13)?
2
2 + 1 - (-9 - -8)
4
Calculate -4 - (-3 + (0 - -2) + -3).
0
Evaluate (-1 - -2) + -7 + -4 + 3.
-7
Calculate 6 - (2 - (-2 - -4)).
6
(-5 - -6) + -3 + 5
3
Calculate -3 + (-3 - -1) - -4.
-1
What is the value of 2 - 3 - (4 - 10)?
5
Evaluate 1 - 2 - (1 - 3 - -4).
-3
Evaluate -11 - -1 - (2 + (-8 - -2)).
-6
What is -1 + 4 + -1 + 12 + -14?
0
What is the value of 2 - 1 - (3 - 7)?
5
What is the value of (0 - 1) + (0 - -3)?
2
Calculate -73 + 65 + (-1 - (3 + -2)).
-10
Calculate 13 + -10 + (0 - 1).
2
Evaluate (-1 - 1) + 23 + -9 + -10.
2
Calculate -2 + (5 - 2) + 90 + -86.
5
What is the value of -7 + -6 + (0 - -9)?
-4
What is (1 - 1) + (-1 - 0) - 1?
-2
0 + 8 - (63 - 58)
3
Evaluate (-5 - (7 - 12)) + 1.
1
What is the value of 1 + -5 + (0 - 3) + 5?
-2
Evaluate -8 + (3 + -1 - (0 + -1)).
-5
What is the value of 6 - 2 - (-2 - 3 - -9)?
0
Calculate -3 + 4 + -4 - -8.
5
What is 7 + -5 - (-7 - -6)?
3
What is 6 + 0 + (-11 - -14 - 1)?
8
What is the value of 2 - ((-1 - -1) + (2 - -1))?
-1
What is 4 + 2 + -6 + -5 + 2?
-3
Evaluate -7 - (2 + -10 + 6).
-5
What is the value of 4 + 2 + -2 + (-30 - -29)?
3
Calculate 0 + (-1 - 0) - 4.
-5
What is -39 + 41 + (-2 - -1) + 0?
1
What is 5 + -5 + -7 - -5?
-2
(5 + 0 - (2 + 0)) + 2
5
Calculate 3 + -2 + 8 + -5 + -2.
2
-2 + (-3 + -5 - -14)
4
What is -8 + -2 + 1 + 4?
-5
Calculate 10 + 0 + -3 + -9.
-2
What is -1 + 1 + 4 + (6 - 9)?
1
What is -2 - (6 - (-3 + 3 - -5))?
-3
Calculate -8 - (0 + (-2 - 0) - 3).
-3
What is the value of 17 - (-10 - (-26 + 9))?
10
Evaluate 16 + -20 - (-2 - (2 + -2)).
-2
Calculate -4 - (-4 + -5 + 8 + 0).
-3
What is the value of (-3 - 2) + -2 + 2?
-5
Evaluate -1 - (-2 + (2 - 4)).
3
Calculate (43 - 42) + -1 + (-10 - -1).
-9
Evaluate 0 + (1 - 5) + (2 - 1).
-3
3 + -4 + 2 - (2 + 1)
-2
Evaluate (16 - 26 - (-2 - 4)) + 13.
9
1 + (3 - (3 + 1))
0
What is 1 + (-1 - (1 - -1))?
-2
3 + (-2 - -7) + 1 + -7
2
-3 - (-15 + 9 - 4)
7
-2 - (-2 + -2 + 3 - 6)
5
-2 - (3 - 4 - 6)
5
Evaluate 1 + 0 - ((8 - 3) + -2).
-2
What is the value of -2 + 9 + -4 + -4?
-1
Calculate -2 - (-7 - (-9 - (-7 - -1))).
2
What is (-3 - 6 - 0) + 3 + 3?
-3
Calculate 0 + -3 - (3 - (7 + -4)).
-3
Calculate 12 + -5 + (2 - 7).
2
Evaluate 15 + 6 - (18 - 5).
8
Calculate -1 - 1 - -3 - -2.
3
What is the value of -32 + 14 + 19 - (-1 + 1)?
1
Evaluate 13 + (-10 - -14) - 13.
4
Evaluate -8 + 7 + -1 + 3 + -4.
-3
What is (0 - (-1 - 1)) + -2?
0
What is the value of (-5 - (-5 - -2)) + 1?
-1
What is the value of -5 - -3 - (-4 + 0) - 3?
-1
Calculate -3 + -1 + 6 + -5 - 4.
-7
Evaluate 2 - (0 + -2) - (35 - 39).
8
Evaluate 4 + -10 - (-5 + (1 - -1)).
-3
Calculate 9 + (1 - 9) - 5.
-4
Calculate 1 - (-6 + 20 + -4 + -2).
-7
Calculate (1 - (2 + 0)) + 5.
4
What is (4 - 1 - (26 + -18)) + 1?
-4
Calculate 7 - 2 - 2 - (0 + 4).
-1
6 - (6 + 0 - (2 - 0))
2
What is -13 + 16 - (-6 + 1) - -1?
9
Evaluate -12 - -8 - (